0).
8
Let n(a) = -54*a**2 - a - 1. Determine n(-1).
-54
Let h(i) = i**3 - 22*i**2 + 23*i - 71. What is h(21)?
-29
Let y(b) = -3*b - 71. What is y(19)?
-128
Let q(k) = k**3 + 13*k**2 + 5. Give q(-13).
5
Let a(v) = 2*v - 56. Calculate a(19).
-18
Let i(g) = -g - 27. What is i(-25)?
-2
Let s(h) = h**2 + 6*h - 15. Determine s(-7).
-8
Let b(c) = c**2 - 7*c - 5. Give b(-4).
39
Let g(j) = -j**2 + 7*j - 8. What is g(8)?
-16
Let l(q) = q**3 - 8*q**2 + 7*q - 5. Determine l(7).
-5
Let t(v) = v**3 - v**2 - 3*v + 2. Determine t(-3).
-25
Let s(x) = -x**2 + 196*x - 384. Give s(2).
4
Let g(v) = 4*v**2 + 3*v - 1. What is g(-3)?
26
Let t(z) = z - 6. Calculate t(-3).
-9
Let l(f) = -f**2 + 18*f - 19. What is l(17)?
-2
Let t(q) = q**2 + 16*q - 9. Calculate t(-8).
-73
Let z(o) = -o**2 - 3*o + 2. Give z(1).
-2
Let i(w) = -w**2 + 8*w + 8. Determine i(9).
-1
Let r(i) = 5*i - 4. Calculate r(2).
6
Let i(a) = -3*a**2 - 10*a + 1. Give i(-6).
-47
Let f(a) = a + 1. Determine f(0).
1
Let r(l) = 2*l**3 - 24*l**2 - 4*l + 33. What is r(12)?
-15
Let i(x) = -x**3 - 7*x**2 + 3*x + 15. Give i(-6).
-39
Let k(z) = 58*z**2. Determine k(1).
58
Let s(p) = -3*p**2 + 3*p - 4. Determine s(3).
-22
Let o(z) = -z**3 - 4*z**2 + 2*z + 2. Calculate o(-4).
-6
Let y(f) = f**2 + 17*f + 45. What is y(-14)?
3
Let b(a) = 3*a**3 + 2*a**2 + a - 2. Determine b(-2).
-20
Let t(d) = -2*d**2 - 6*d. Determine t(-2).
4
Let u(a) = -a - 9. Calculate u(-6).
-3
Let u(g) = -5*g + 6. Determine u(3).
-9
Let f(c) = 3*c + 53. Calculate f(-12).
17
Let c(y) = 2*y**3 - 9*y**2 - 32*y - 11. Give c(7).
10
Let d(q) = 19*q**2 - 4*q - 10. Determine d(-2).
74
Let f(k) = -k**2 + 6*k - 6. Calculate f(5).
-1
Let o(v) = -v**3 + 7*v**2 + 13*v - 13. Determine o(10).
-183
Let t(o) = -o - 13. What is t(-10)?
-3
Let a(k) = 5*k**3 - k**2 + 2*k + 3. What is a(-1)?
-5
Let b(o) = -o**3 + 10*o**2 + 10. Determine b(10).
10
Let n(c) = -2*c**2 - 5*c + 3. What is n(-4)?
-9
Let t(p) = p**3 - 10*p**2 - 8*p + 17. Determine t(11).
50
Let x(c) = 9*c**2 - 48*c + 25. What is x(5)?
10
Let m(s) = -s**2 - 7*s + 14. Calculate m(3).
-16
Let t(p) = p**2 - 45*p - 173. Determine t(48).
-29
Let w(s) = -s**3 - 4*s**2 + 2*s - 4. What is w(-5)?
11
Let t(p) = p**3 - 8*p**2 - 7*p - 2. Give t(9).
16
Let m(g) = -18*g + 70. Determine m(5).
-20
Let w(t) = -3*t**3 - 5*t**2 - 2*t - 3. Calculate w(-4).
117
Let w(c) = -c**3 - 5*c**2 - 11*c - 4. Determine w(-4).
24
Let p(k) = k. Calculate p(-9).
-9
Let o(t) = 2*t**3 + 10*t**2 + 9*t - 1. Determine o(-4).
-5
Let b(a) = -7*a - 192. What is b(-28)?
4
Let r(h) = h**2 + 9*h + 3. What is r(-12)?
39
Let n(h) = 9*h - 4. What is n(2)?
14
Let a(z) = 2*z**2 + 4*z + 2. Calculate a(-3).
8
Let k(t) = -6*t**2 + 8*t - 6. Give k(1).
-4
Let c(w) = -2*w + 1. What is c(-3)?
7
Let l(y) = y**2 - 6*y - 2. Calculate l(8).
14
Let c(n) = n**3 - 5*n**2 - 6*n - 3. Determine c(6).
-3
Let d(u) = u**3 - 4*u**2 + u + 2. What is d(4)?
6
Let t(q) = 2*q - 17. Determine t(12).
7
Let d(x) = 2*x**2 - 14*x + 14. Give d(5).
-6
Let s(x) = 4*x - 4. Give s(3).
8
Let m(a) = -7*a + 8. Determine m(-3).
29
Let m(l) = -3*l + 11. Calculate m(7).
-10
Let n(g) = -g**2 - 9*g - 4. Give n(-5).
16
Let a(s) = 12*s - 1. Give a(1).
11
Let d(i) = -i**2 - 18*i - 83. Determine d(-10).
-3
Let l(a) = -4*a + 3. Give l(7).
-25
Let r(o) = -3*o**2 + o - 1. Give r(1).
-3
Let t(q) = -q**2 + 18*q - 80. What is t(8)?
0
Let k(z) = 33*z - 187. Calculate k(5).
-22
Let v(h) = 12*h**3 - 4*h**2 + 8*h - 3. Give v(2).
93
Let h(r) = 2*r**2 - 16*r + 20. Determine h(7).
6
Let l(b) = b**3 + 5*b**2 + 6*b + 6. Determine l(-5).
-24
Let a(c) = -c**2 + 4*c + 135. Give a(-10).
-5
Let i(s) = 9*s - 21. Give i(2).
-3
Let c(j) = j**3 + j**2 - 6*j - 9. Give c(-3).
-9
Let q(d) = -25*d + 105. Give q(4).
5
Let k(o) = -23*o - 53. Give k(-3).
16
Let i(o) = 21*o - 244. What is i(12)?
8
Let t(i) = -8*i**3 + 19*i**2 - 4*i + 2. What is t(2)?
6
Let i(z) = 9*z + 5. What is i(3)?
32
Let v(u) = u**3 - 15*u**2 + 15*u - 7. Determine v(14).
7
Let k(i) = -7*i**2 - i. What is k(-1)?
-6
Let g(l) = 3*l - 3. Calculate g(-8).
-27
Let q(i) = 16*i**2 + 7*i - 3. Calculate q(1).
20
Let u(l) = -2*l + 19. Calculate u(-10).
39
Let h(g) = -2*g**3 + 3*g**2 + 5*g - 4. Determine h(3).
-16
Let p(r) = -2*r**2 + 8*r - 4. Give p(4).
-4
Let q(s) = 10*s - 169. What is q(18)?
11
Let b(y) = -y**2 + 8*y + 3. Calculate b(-2).
-17
Let h(r) = -90*r + 3. Calculate h(1).
-87
Let h(m) = 2*m**3 + 17*m**2 + 34*m - 2. Calculate h(-4).
6
Let j(w) = -w**3 - 24*w**2 - 26*w - 97. What is j(-23)?
-28
Let o(i) = -i**2 - 3*i + 50. Calculate o(6).
-4
Let r(l) = 20*l - 56. What is r(3)?
4
Let z(j) = -11*j - 97. Calculate z(-10).
13
Let l(f) = 3*f + 1. What is l(-11)?
-32
Let s(v) = -v - 7. What is s(6)?
-13
Let x(n) = -2*n**2 - 4*n. Give x(1).
-6
Let p(j) = -j**3 - j**2 - j + 11. Determine p(0).
11
Let x(j) = -j**3 + 7*j**2 - j - 3. Determine x(7).
-10
Let v(s) = s**2 - 6*s + 5. Give v(6).
5
Let y(q) = -q**3 + 12*q**2 - 26*q + 19. Give y(10).
-41
Let r(f) = -f + 3. Give r(-3).
6
Let k(q) = -9*q - 9. Determine k(-8).
63
Let a(g) = 19*g + 5. Determine a(-3).
-52
Let d(m) = 3*m**2 + 2*m + 9. Give d(4).
65
Let a(b) = 8*b + 10. What is a(-9)?
-62
Let a(z) = z**3 - 7*z**2 + 8*z - 5. Determine a(4).
-21
Let d(q) = 31*q**3 - q**2 - 2*q + 2. Calculate d(1).
30
Let b(t) = 6*t + 27. What is b(-5)?
-3
Let h(p) = -4*p**2 + 23*p - 11. Determine h(5).
4
Let s(g) = g**3 - 7*g**2 + 3*g + 10. Calculate s(5).
-25
Let s(t) = 3*t - 6. What is s(-7)?
-27
Let v(a) = a**2 - 14*a - 280. Give v(-11).
-5
Let f(a) = -2*a**2 + a + 5. Calculate f(-3).
-16
Let g(l) = -13*l**2 - 3*l + 3. Calculate g(1).
-13
Let l(r) = r + 18. Give l(-5).
13
Let i(s) = -s**3 + 5*s**2 - 3*s - 5. Determine i(4).
-1
Let t(k) = 7*k**2 + 2*k - 4. Give t(1).
5
Let h(b) = 4*b + 4. What is h(4)?
20
Let p(t) = -40*t - 104. Calculate p(-3).
16
Let d(m) = m**3 - 7*m**2 + 5*m + 5. Calculate d(5).
-20
Let g(b) = -b**3 - 17*b**2 + 20*b + 36. What is g(-18)?
0
Let v(g) = -14*g - 159. Calculate v(-12).
9
Let f(z) = -z**3 - 7*z**2 - 2*z + 3. Determine f(-6).
-21
Let t(k) = -3*k + 23. Give t(0).
23
Let b(h) = -h**2 + 16*h - 8. Determine b(15).
7
Let v(j) = -j**2 + 18. What is v(-3)?
9
Let y(r) = r**3 - 3*r**2 - r + 1. What is y(3)?
-2
Let s(p) = -p**2 + 9*p + 13. Give s(11).
-9
Let n(l) = -l**3 - 8*l**2 - 8*l - 14. Determine n(-7).
-7
Let m(f) = 41*f**3 - 3*f**2 - 2*f. Calculate m(-1).
-42
Let c(o) = 18*o - 9. Give c(4).
63
Let f(j) = j**3 + 12*j**2 + j + 12. Give f(-12).
0
Let v(g) = -g + 25. Give v(5).
20
Let z(a) = -5*a + 20. Calculate z(5).
-5
Let u(m) = 7*m + 25. What is u(-8)?
-31
Let g(j) = -j - 36. Give g(4).
-40
Let n(i) = 2*i - 6. Give n(-8).
-22
Let d(a) = 8*a - 95. Give d(12).
1
Let c(m) = -m**3 - 3*m**2 - 8*m - 102. What is c(-5)?
-12
Let u(v) = v - 26. Determine u(15).
-11
Let l(i) = i**3 - 11*i**2 - 10*i - 16. Determine l(12).
8
Let n(z) = -z + 12. What is n(7)?
5
Let s(c) = -c**3 + 7*c**2 - 3*c - 4. What is s(3)?
23
Let d(g) = -131*g - 396. Give d(-3).
-3
Let f(x) = 13*x + 10. Calculate f(-6).
-68
Let d(j) = -j + 12. Give d(10).
2
Let i(f) = 5*f + 39. Calculate i(-9).
-6
Let u(i) = i**2 - 12*i + 2. Give u(9).
-25
Let s(y) = -9*y + 6. Give s(4).
-30
Let f(l) = l**3 + 6*l**2 + 4*l - 6. Calculate f(-5).
-1
Let f(a) = -3*a + 41. Calculate f(22).
-25
Let x(i) = i**2 - 5*i + 5. Calculate x(4).
1
Let k(o) = o**2 + 16*o - 23. Give k(-17).
-6
Let v(q) = -q**3 + 18*q**2 - 26*q - 55. Calculate v(16).
41
Let r(d) = -22*d + 462. Calculate r(21).
0
Let m(i) = 4*i**2 + 30*i - 29. Give m(1).
5
Let n(m) = -30*m + 15. Give n(3).
-75
Let n(u) = 11*u**3 + 2*u**2 - 3*u - 3. Calculate n(2).
87
Let p(w) = w**3 - 7*w**2 + 10*w - 10. Give p(4).
-18
Let y(s) = 23*s - 148. Calculate y(7).
13
Let f(n) = -4*n - 10. What is f(4)?
-26
Let b(s) = -2*s + 31. What is b(17)?
-3
Let j(y) = y**2 - 7*y + 12. What is j(8)?
20
Let k(t) = -t**2 - 21*t + 24. Calculate k(-22).
2
Let i(o) = -47*o + 1413. Calculate i(30).
3
Let v(p) = p**2 + 11*p + 7. Determine v(-10).
-3
Let z(b) = b**3 + 10*b**2 - 7*b - 21. What is z(-10)?
49
Let x(o) = -o**2 - 6*o + 10. What is x(-8)?
-6
Let z(d) = -36*d**2 - 7*d - 6. Give z(-1).
-35
Let c(f) = f**3 - 53*f**2 + 2*f - 106. Give c(53).
0
Let r(j) = -j**2 - j + 7. Give r(3).
-5
Let n(v) = -165*v. Calculate n(0).
0
Let p(g) = -g**2 + 17